*2 + i + 15. Let l be x(0). Let n = l + o. What is the units digit of n?
5
Suppose 20 = -5*q, -7*q - 30 = -5*n - 2*q. Suppose z - d - 2 = -n*z, -4*d = 4*z + 24. Let a = 0 - z. What is the units digit of a?
1
Let p(k) = k**2 - 14*k - 4. Let q(s) = -1 + 7*s - s**2 + 6*s + 5. Let z(y) = -6*p(y) - 7*q(y). What is the units digit of z(8)?
4
Let n = -16 - -75. Suppose -5*g + 11 = -n. What is the units digit of g?
4
Suppose 3*a = -a + 16. Suppose a = -m + 5*v, -2*v + 5 = 4*m - v. What is the units digit of m?
1
Let m(h) = h**2 - 6*h - 3. What is the units digit of m(7)?
4
Let u be 1 - (6/3 + -4). Suppose 3*j = -15, -3*d - u*j = -9 + 21. What is the units digit of (-7)/(-1 - (1 - d))?
7
Suppose 0 = 4*o - 2*o + 12. Let t be -1*(o + 1 + -2). Let g(l) = l - 5. What is the units digit of g(t)?
2
Let d(i) = 2*i + 8. Let j be d(-7). What is the units digit of j/4*(-80)/15?
8
Let g = 5 - 2. Suppose -g*x - 4 = -22. What is the units digit of x?
6
Let i(l) = -l**3 + 23. What is the units digit of i(0)?
3
Suppose -3*y - 3*y + 138 = 0. What is the tens digit of y?
2
What is the tens digit of ((-69)/(-9))/((-1)/(-33))?
5
Let b(l) = -3*l - 6. Let a(d) = 4*d + 9. Let t(c) = 5*a(c) + 7*b(c). Let w = -16 + 11. What is the units digit of t(w)?
8
Let c = -5 + 10. Suppose 5*y - 45 = -c*l, 5*l - 3*y = 11 + 18. Let p(i) = -i**2 + 8*i - 4. What is the units digit of p(l)?
3
Let h(r) = -r + 60. Let a be h(0). Suppose i = -f + 22 - 4, 3*i = 3*f + a. What is the tens digit of i?
1
Suppose 0 = -5*a + 2*p + 59 - 4, 5*a + 2*p = 55. Let f = -2 + a. What is the units digit of f?
9
Suppose 3 = -w + 10. Let u = 6 + 0. What is the units digit of w*-2*(-3)/u?
7
Let m(v) = v**3 + 16*v**2 + 30*v + 17. What is the units digit of m(-13)?
4
Let x be 6/27 - (-272)/(-9). Let n = x - -52. What is the tens digit of n?
2
What is the units digit of (21/(-9))/((-4)/84)?
9
Suppose 0 = 17*y - 13*y - 8. What is the units digit of y?
2
Let p(n) = 2*n**3 + 5*n**2 + n - 19. Let r(y) = -y**3 - 3*y**2 - y + 9. Let d(z) = 3*p(z) + 7*r(z). Suppose 0 = 6*v + 2*v + 40. What is the units digit of d(v)?
1
Let c = 346 - 236. What is the units digit of c?
0
Let d be -1 + (-1 - -17 - 2). Suppose 0 = 2*f + 3 - d. What is the units digit of f?
5
Let i be -4 - 0 - (1 - 75). Suppose 0 = 2*m + 6 - i. What is the tens digit of m?
3
Let o(h) = 5*h - 3. Let c(s) be the first derivative of 5*s**2/2 - 3*s + 4. Let u(z) = 7*c(z) - 6*o(z). What is the units digit of u(2)?
7
Let r be (-2)/3 - 4/(-6). Suppose -4*s + s = r. Suppose s = 5*w - 13 - 7. What is the units digit of w?
4
Let b = -21 - -33. Suppose 16 = -5*l + 6. Let g = l + b. What is the units digit of g?
0
Let o(a) = -2*a**3 - 2*a**2 + 3*a + 3. Let k be o(-2). Suppose 2 = -x + k. Suppose 2*g - 49 = -5*h, x*h - 26 = h - 4*g. What is the units digit of h?
9
What is the hundreds digit of (-280)/12*30/(-4)?
1
Suppose 0*z + 5*f = -3*z - 17, 2*f = -z - 5. Suppose -3*i = -2*i + 20. Let t = z - i. What is the tens digit of t?
1
Suppose 5*a - 175 = -5*p, 70 = 2*a - 0*a - 2*p. What is the units digit of a?
5
Let h(d) = d**3 - 15*d**2 - 11*d. What is the tens digit of h(16)?
8
Let n(s) = -s + 10. Let j = -7 + 14. What is the units digit of n(j)?
3
Suppose 3*i - 4*a + 9 = 8*i, 2 = 3*i - a. Let l be (-1 - -2) + i - 2. Let d = l - -5. What is the units digit of d?
5
Let x = 0 + -6. What is the units digit of -1 + (2 + 0 - x)?
7
Let s be (6/(-3) - -1) + -1. Let j = s - -17. What is the units digit of j?
5
Let n(k) = -3*k**2 + 8*k - 1. Let a be n(6). Let m be 1/(-4) - a/4. Let s = m + -11. What is the units digit of s?
4
Let p be (-2)/(-5) + (-2)/5. Let t(q) = q**3 - q**2 + 5. Let h be t(p). What is the units digit of (0 - (1 - h)) + 0?
4
Suppose -f - 2*i + 67 = 0, 0 = -5*f - i + 39 + 287. What is the tens digit of f?
6
Let m = 21 + -20. Let w(x) = 50*x**3 - x**2. What is the units digit of w(m)?
9
Suppose 0 = -5*a + k + 636, -a - 392 = -4*a - 2*k. What is the hundreds digit of a?
1
Suppose 5*q - 25 = -2*l, -l - 10 + 3 = -4*q. Suppose -q*u - 11 = -o + 9, -5*o + 126 = -2*u. What is the units digit of o?
6
What is the units digit of 47*1 - (13 + -17)?
1
Suppose -66 = 2*g + g. Let b = -6 + g. Let n = -20 - b. What is the units digit of n?
8
Let p(q) = -q. Let n be 4/6 - 24/9. What is the units digit of p(n)?
2
Let i = 177 - 80. What is the tens digit of i?
9
Suppose -76 = -2*z + 4*p, 6*z - 2*p = z + 222. Let l = -14 + z. Let o = -23 + l. What is the units digit of o?
9
Let t = 79 + -35. What is the units digit of t?
4
Suppose 2*p = 5 + 5. Suppose -p*v - 25 = 0, q + 5*v - 11 = 4*v. What is the tens digit of q?
1
Let a = 6 + -13. What is the units digit of ((-1)/(-2))/(a/(-28))?
2
Suppose 2*t - 19 = 3*s, 4*t - 5*s + 8*s + 7 = 0. Let h(w) = 6*w + w**t - 4 - 2*w + 2*w. What is the units digit of h(-8)?
2
Let c be 6/(-27) - 8132/18. What is the units digit of (-22)/77 - c/14?
2
Let g = 7 + -5. Suppose g*y - 140 = -2*y. Suppose p + 4*p - y = 0. What is the units digit of p?
7
Let i(v) = 2*v - 6. Let o be i(6). Suppose 3*y + w = o*y - 66, -3*w = -4*y + 83. What is the units digit of y?
3
Let g(w) be the third derivative of -w**4/12 + w**3/6 - w**2. Let r be ((-5)/(-15))/((-2)/12). What is the units digit of g(r)?
5
Suppose -f = f. Suppose f*r + 65 = 5*r. What is the tens digit of r?
1
Let b(k) = k**2 + 6*k + 2. Let m be b(-6). Suppose -d = -m*d + 8. Suppose d - 26 = -f. What is the units digit of f?
8
Let d = -5 + 11. Suppose d*k - k = 35. What is the units digit of k?
7
Suppose -h + 24 = -2*m + m, 3*h = -2*m + 87. What is the tens digit of h?
2
Let o(x) = -18*x + 31. What is the hundreds digit of o(-10)?
2
Let i = 7 + -13. Let r be (3/2)/(3/i). Let t(y) = -2*y + 1. What is the units digit of t(r)?
7
Suppose 7 = 3*a - 2. What is the units digit of a?
3
Suppose -9 + 1 = -2*m. Let c(j) = 4*j**2 - 8*j - 5. What is the tens digit of c(m)?
2
Suppose -19*i = -25*i + 708. What is the hundreds digit of i?
1
Let j(l) = 7*l**2 + 2*l + 1. Let a be j(-1). Let w(d) = -3 - d + a*d - d. What is the tens digit of w(5)?
1
Let f = -24 - -15. Let n = f - -27. Let u = n - 11. What is the units digit of u?
7
Let u be -2 + 14/2 - 1. Suppose -25 = -u*r - 9. What is the units digit of r?
4
Suppose y + y - 294 = 0. Suppose f + y = 4*f. What is the units digit of f?
9
Let b(i) = i**2 - 5*i - 5. What is the units digit of b(-1)?
1
Let g(m) = 3*m**2 + 10*m + 7. What is the units digit of g(-3)?
4
Suppose -3*d + 15 = t, 5*t = 3*d - 0*t + 3. Suppose -3 = -z + 5. Suppose d*h - 3*s + 4*s = 53, h + z = 4*s. What is the tens digit of h?
1
Let p(i) = -i - 9. Let q be 0*(0 + 2/4). Let y be p(q). What is the units digit of 30/y*(-18)/15?
4
Let f(c) = c**3 + 4*c**2 + 2*c + 8. Let j be f(-5). What is the units digit of (-117)/j + 4/6?
5
Let l(i) = -i**3 + 6*i**2 + 10*i - 9. What is the tens digit of l(4)?
6
Let h(l) be the second derivative of l**3/6 - 3*l**2 + l. Suppose 6 + 3 = i. What is the units digit of h(i)?
3
Suppose -15 + 3 = 3*y. Let l(o) = o**3 + 5*o**2 - 3*o + 2. What is the tens digit of l(y)?
3
Let g = 0 + -7. Let p = g + 10. What is the units digit of p?
3
Let b = 28 - -36. What is the units digit of b?
4
Let h(r) = r + 4. Let d be h(-6). Let q(v) = v**3 + 3*v**2 - v + 1. What is the units digit of q(d)?
7
Let g(c) = 22*c**3 - 3*c**2 + 3*c. What is the hundreds digit of g(2)?
1
Suppose 3*m + 3*k = 27, 5*k + 17 = 5*m + 3*k. Let n = m + -3. Suppose z + n*f - 14 = 0, 3*z + 2*f - 26 = -z. What is the units digit of z?
4
Let o(f) be the first derivative of 3*f**2 - 1 - 3*f**2 + f**2. What is the tens digit of o(6)?
1
Let d = 15 - 2. Suppose -5 - d = -y. What is the tens digit of y?
1
Let i(a) = -a**2 + 10*a - 3. Let v be i(9). Suppose -3*s - 12 = -5*s - 4*q, -s = -q - v. What is the units digit of s?
6
Suppose 0 = -7*z + 2*z + 5*m - 195, -5*z + 4*m - 199 = 0. Let u = -25 - z. What is the units digit of u?
8
Suppose 3*y = -2*y + 415. What is the tens digit of y?
8
Let a(u) be the second derivative of u**4/12 + 3*u**3/2 - 2*u**2 - 2*u. Let o be a(-9). What is the units digit of ((-30)/o)/((-6)/(-8))?
0
Let q(n) = n**2 - 17*n - 24. What is the units digit of q(21)?
0
Let z = 33 - 15. What is the tens digit of z?
1
Let q(n) = -n**2 + 5*n - 3. Let z be q(5). What is the tens digit of 35/3 - (-2)/z?
1
Let s be (-30)/26 -